-2*y = y - 5*d + 24. Let m = -13 - -6. Let f = y - m. List the prime factors of f.
2
Let i = -10 + 27. Suppose 0 = 5*m + 2*g - i + 42, -4*g = 0. What are the prime factors of -15*m/(25/4)?
2, 3
Let i be (-16)/10 + 3/5. Let s be 12*(1 - i*2). Suppose 0*k - 4*k = -s. What are the prime factors of k?
3
Suppose -4*l = l. Suppose -g + l*g + 1 = -b, 0 = -g + 5*b - 7. Suppose -x - i = -0*i - 4, x - g = -2*i. List the prime factors of x.
5
Suppose 0 = -l + 4*l - 117. What are the prime factors of l?
3, 13
Suppose -4*y = -100 - 52. What are the prime factors of y?
2, 19
Let u be (-2)/(-3*2/12). Suppose u*p = 2*d + 20, 0 = p - 3*d - 15 + 5. List the prime factors of p.
2
Suppose -5*q + 4*i + 120 = 0, 5*i - 23 = -2*q + 25. List the prime factors of q.
2, 3
Let w be (-56)/(-12) + (-4)/6. Suppose 0 = -w*f - 4, -a + 13 = f + 1. What are the prime factors of a?
13
Suppose 0 = -2*x - f + 2*f + 163, -321 = -4*x - 3*f. What are the prime factors of x?
3
Let y(q) = 4*q - 2*q - q**3 + 2*q + 3*q**2 - 3. Suppose -2*h = -5*i + 15, 4*i + 0*i - 5*h - 12 = 0. What are the prime factors of y(i)?
3
What are the prime factors of 12201/45 + 6/(-135)*3?
271
Let u(l) = -l. Suppose -2*c + 0 = 4. Let o be u(c). Suppose 80 = o*k + 3*k. What are the prime factors of k?
2
Let m be 1/3 - (-3)/(-9). Let s = m - -4. Suppose -n + 3*t = 7, -t - 2 = -s*n + 3. List the prime factors of n.
2
Let w(g) = -g + 6. What are the prime factors of w(-7)?
13
Suppose 4*n - 4*w + 53 = 5*n, -2*n = 5*w - 106. What are the prime factors of n?
53
Let s = -262 + 396. What are the prime factors of s?
2, 67
Let g(d) = 233*d**2 - 3*d + 2. What are the prime factors of g(1)?
2, 29
List the prime factors of -10*(-40)/(4 - -1).
2, 5
Suppose 0*u - 2*f - 36 = -u, 5*u = 2*f + 212. What are the prime factors of u?
2, 11
Let l = 135 + 110. What are the prime factors of l?
5, 7
Suppose 16*s - 592 = 8*s. What are the prime factors of s?
2, 37
Let u(k) = -5*k - 3. Let j be u(-2). Suppose 102 = 9*i - j*i. List the prime factors of i.
3, 17
Let t(c) = -2*c**2 + c - 1. Let s be t(-2). Let o = 20 + s. Suppose 3*y - 24 = o. What are the prime factors of y?
11
Let q(t) = t**3 + 8*t**2 + 7*t + 7. Let i = -14 + 8. What are the prime factors of q(i)?
37
Suppose 3*w = 28 + 2. List the prime factors of w.
2, 5
Suppose x - 8 = 16. Suppose -4 = 5*q + 2*k + 17, 5*k = -3*q - x. List the prime factors of (-4 - q)/((-3)/18).
2, 3
List the prime factors of (16/10)/(1/(-90)*-3).
2, 3
Suppose -c + 2*x + 73 = 0, x = -2*c + 7*c - 329. List the prime factors of c.
5, 13
Suppose -5*m - 2*x + 1250 = -4*x, -x - 1245 = -5*m. What are the prime factors of m?
2, 31
Suppose 14 = 2*y - u + 3*u, -y + u + 7 = 0. Suppose 2*n - y*n = -3*o - 1, 3*o + 5*n = -11. List the prime factors of 9 + ((-4)/o)/(-1).
7
What are the prime factors of 33*(2/(-3) - -2)?
2, 11
Suppose -j + 4 = 9. Let l be j/((1 - 3) + 1). Let b(d) = d**3 - 4*d**2 - 4*d + 7. List the prime factors of b(l).
2, 3
Suppose 72 = -9*a + a. Suppose -3*f + 31 = -23. Let n = f + a. What are the prime factors of n?
3
Let c = 26 + -70. Let u = -29 - c. What are the prime factors of u?
3, 5
Let h be 3*(1 + 124/6). Suppose 3*y + 2*y - w = 69, 5*y = 5*w + h. What are the prime factors of y?
2, 7
What are the prime factors of 6/1*21/6?
3, 7
Let t(d) be the third derivative of -17*d**4/24 - 7*d**3/6 + 11*d**2. What are the prime factors of t(-4)?
61
Let a(x) = 3*x. Let s be a(1). Suppose -3*r = -3*o - 57, -r + o = s*o - 19. Let c = -13 + r. What are the prime factors of c?
2, 3
Suppose 2*h = 3*i + 42, 0*h - 5*i = 2*h - 26. Let g = -6 + h. List the prime factors of g.
2, 3
Suppose -4*z = -3*c - 581, -z - z + 3*c = -289. List the prime factors of z.
2, 73
Let t(o) = 3*o. Let f be (2/(-3))/((-4)/30). Let x be f - 4/2 - 2. What are the prime factors of t(x)?
3
Let o = 448 + -218. What are the prime factors of o?
2, 5, 23
List the prime factors of 4/(-1) + 2 - -63.
61
Let w = 70 + -36. List the prime factors of w.
2, 17
Suppose 5*t - 34 = -q, 0*t = 2*t + 6. What are the prime factors of q?
7
Suppose 0 = 8*g - 4*g. Let n = 2 + g. Let p = 0 + n. List the prime factors of p.
2
Let n(p) = 11. Let c(w) be the second derivative of -w**3/6 - w**2/2 - 4*w. Let f(q) = 3*c(q) - n(q). List the prime factors of f(-11).
19
Let i(f) = 35*f + 18. List the prime factors of i(4).
2, 79
Let d(h) = h**3 + 2*h**2 - 3*h + 4. Let z be d(-3). Suppose -b + 5 = 0, -z*a = 4*b - 23 - 65. List the prime factors of a.
17
Let f = 84 - 135. Let w = 115 + f. What are the prime factors of (w/(-40))/((-4)/50)?
2, 5
Let r = -260 - -578. List the prime factors of r.
2, 3, 53
Suppose -p = 4*p. Let q be p - 3/9*0. Suppose -v + 5*v - 48 = q. List the prime factors of v.
2, 3
Let u = 53 + -30. What are the prime factors of u?
23
Let c be (-7 - -5)/((-2)/5). Suppose -3*k + 3*s + 13 = c*s, 25 = 5*s. What are the prime factors of (k/2*-26)/(-1)?
13
Let z(v) = -3*v - 7. Let s be z(-9). Let i = s + 4. What are the prime factors of i?
2, 3
Suppose -5*n - 145 = 5*j, 5*j - 62 = -3*n - 201. Let p = -14 - j. Suppose -a + p = 3*a. What are the prime factors of a?
3
Suppose -37 + 15 = -2*s. Suppose -3*p - s = -4*p. What are the prime factors of p?
11
Let b be (1/2 - 1)*0. Suppose 3*n - 1 - 17 = b. What are the prime factors of n?
2, 3
List the prime factors of (-6 - -7)/((-1)/(-37)).
37
Let v(u) = -u**2 + 4*u + 2. Let a be v(4). Suppose 2*l + 2 = 3*l. Suppose -a*q + 2 = 4*f, -4*f - l*q + 5 = -q. What are the prime factors of f?
2
Let x(s) = -s**3 - s**2 + s - 1. Let y be x(1). Let u be (0/y)/(2 + -1). Suppose u*w = w - 4. What are the prime factors of w?
2
Suppose 4*j - 524 = -4*o, -5*j + 3*o - 6*o = -649. What are the prime factors of j?
2
Let h = 0 - 2. Let g = h - -5. Suppose -15 + 48 = g*f. What are the prime factors of f?
11
Suppose -h - 168 = -5*h. List the prime factors of h.
2, 3, 7
List the prime factors of ((-598)/39)/(2/(-9)*1).
3, 23
Let y = 44 + -12. What are the prime factors of y?
2
Suppose k = h - 2, 0*k + 2*k - 31 = -3*h. Let v = -4 + h. List the prime factors of v.
3
Suppose -3 = -4*y + 41. Suppose -h = 5*m - 72 + y, m + 3*h = 15. What are the prime factors of m?
2, 3
Let z = 13 + -8. Suppose 0 = z*j + 20, -j = -3*l + 2*j + 210. Suppose u - l = -2*u. What are the prime factors of u?
2, 11
Let p(d) = -d**3 + 8*d**2 - 6*d. Let q be p(7). Let l = 4 + -5. Let j = l + q. What are the prime factors of j?
2, 3
Suppose b + 3 = 4*b. Suppose 0 = 2*h - b - 25. List the prime factors of h.
13
Let d(t) = -t - 4 - t + 3*t. Let b be d(0). Let f = 6 + b. List the prime factors of f.
2
Suppose 0 = 2*b - 4*b + 46. Suppose -12 = -5*y + b. What are the prime factors of y?
7
Let h(f) = f + 8. Let s be h(-10). Let t = 17 + s. List the prime factors of t.
3, 5
Let j be 0/(-1*4 - -3). Let o be 2*(0 + 1 + 0). Suppose j = o*l + 3 - 13. What are the prime factors of l?
5
Let s = -20 - -23. Suppose -25 = 5*z - 5. What are the prime factors of (9/z)/s*-16?
2, 3
Suppose 7*o + 251 - 888 = 0. What are the prime factors of o?
7, 13
Suppose -35*m + 288 = -29*m. What are the prime factors of m?
2, 3
Suppose 4*l - 14 = -6. What are the prime factors of l?
2
Suppose 0 + 8 = 4*v, s - 5*v - 46 = 0. Suppose 2*w - s = 4*w. Let q = -18 - w. What are the prime factors of q?
2, 5
Let z(p) = -p**2 + 12*p - 9. Let u be z(11). Suppose -u*m + a + 1 + 13 = 0, -4*m + 48 = 3*a. What are the prime factors of m?
3
Let a = -8 - -7. Let j(q) = -20*q**2 + 1. Let c be j(a). Let s = 28 + c. List the prime factors of s.
3
Suppose 14*n - 88 = 12*n. What are the prime factors of n?
2, 11
Let h be (-3)/(-1) + (5 - 3). Suppose 25 = h*w + 3*l - 2*l, 2*w + 3*l = 10. Suppose -2*z - i = -17, 0 = z - 4*z - w*i + 22. List the prime factors of z.
3
Suppose 5*l + 45 - 1235 = 0. What are the prime factors of l?
2, 7, 17
Suppose 2*p - 2*l + 6 = 4*p, 5*p = -3*l + 23. Suppose 24 = 2*u - p*t + 2*t, -5*u - 3*t + 91 = 0. List the prime factors of u.
17
Suppose 0 = -4*c + 16, -3*a + 0*c + 855 = 3*c. What are the prime factors of a?
281
Let j = 10 - -10. What are the prime factors of j?
2, 5
Let i(x) = 5*x**2 - 2*x - 2. Suppose 0*j - 2*m - 40 = 5*j, -m + 8 = -j. Let b be -3 - (-4)/(j/(-10)). List the prime factors of i(b).
2, 7
Let a be 2/(-6) + 2/6. Suppose -3*y = -3*v + 3, a*y = -4*v + y + 7. Suppose -2*g + 3*g 